ctors of 319743558?
2, 3, 5921177
What are the prime factors of 159406946?
2, 79703473
List the prime factors of 5389564.
2, 1347391
What are the prime factors of 76237160?
2, 5, 83, 22963
List the prime factors of 3234893765.
5, 23, 353, 79687
List the prime factors of 427279263.
3, 241, 293, 2017
What are the prime factors of 270034522?
2, 67, 2015183
What are the prime factors of 253137628?
2, 113, 560039
List the prime factors of 25703767.
25703767
What are the prime factors of 11666387?
47, 89, 2789
What are the prime factors of 11208471?
3, 29, 128833
What are the prime factors of 123641201?
123641201
List the prime factors of 21729.
3, 7243
List the prime factors of 338317206.
2, 3, 43, 1311307
List the prime factors of 9664104.
2, 3, 37, 10883
What are the prime factors of 2607054759?
3, 289672751
What are the prime factors of 175126763?
7, 83, 301423
What are the prime factors of 104760162?
2, 3, 13, 79, 1889
What are the prime factors of 38039244?
2, 3, 71, 44647
What are the prime factors of 210151641?
3, 7, 131, 1559
List the prime factors of 14914160.
2, 5, 41, 4547
List the prime factors of 55603224.
2, 3, 71, 73, 149
List the prime factors of 642213528.
2, 3, 11, 19, 128033
List the prime factors of 72354701.
72354701
List the prime factors of 508718612.
2, 127179653
What are the prime factors of 5403154152?
2, 3, 11, 20466493
What are the prime factors of 949865183?
949865183
What are the prime factors of 20058098?
2, 10029049
What are the prime factors of 47874778?
2, 7, 1721, 1987
What are the prime factors of 1064561?
29, 36709
List the prime factors of 97805838.
2, 3, 13, 73, 89, 193
What are the prime factors of 1774867734?
2, 3, 32867921
What are the prime factors of 3343285002?
2, 3, 43, 12958469
What are the prime factors of 2080413045?
3, 5, 1907, 8081
What are the prime factors of 930618813?
3, 1979, 156749
What are the prime factors of 2990643376?
2, 7, 26702173
What are the prime factors of 1248029161?
229, 5449909
What are the prime factors of 391231638?
2, 3, 7, 151, 20563
List the prime factors of 71135379.
3, 7, 1129133
What are the prime factors of 272748190?
2, 5, 11, 13, 29, 6577
What are the prime factors of 230731145?
5, 2707, 17047
What are the prime factors of 30386488?
2, 11, 31391
What are the prime factors of 13971253?
13971253
List the prime factors of 93434437.
6967, 13411
List the prime factors of 367998671.
4679, 78649
List the prime factors of 81999332.
2, 20499833
List the prime factors of 41721842.
2, 17, 197, 6229
List the prime factors of 45567352.
2, 29, 59, 3329
List the prime factors of 175933805.
5, 197, 178613
List the prime factors of 987278866.
2, 7, 3779, 18661
List the prime factors of 110574927.
3, 19, 646637
What are the prime factors of 857023357?
857023357
List the prime factors of 72884119.
7, 11, 135221
What are the prime factors of 4529693?
7, 647099
List the prime factors of 1056113780.
2, 5, 17, 431, 7207
What are the prime factors of 3424602337?
13, 347, 759167
What are the prime factors of 111111473?
11, 17, 594179
List the prime factors of 1658332.
2, 13, 31891
What are the prime factors of 474730905?
3, 5, 11, 37, 77761
List the prime factors of 37430271.
3, 29, 61, 2351
List the prime factors of 437377629.
3, 13, 37, 47, 6449
What are the prime factors of 148379510?
2, 5, 14837951
What are the prime factors of 41664784?
2, 7, 53, 7019
What are the prime factors of 1267903087?
11, 37, 3115241
What are the prime factors of 171048982?
2, 13, 19, 181, 1913
What are the prime factors of 24447137?
11, 13, 23, 7433
What are the prime factors of 2545023383?
7, 29, 241, 52021
List the prime factors of 81696971.
131, 623641
List the prime factors of 303514530.
2, 3, 5, 11, 151, 6091
List the prime factors of 1224875471.
1224875471
What are the prime factors of 6427881120?
2, 3, 5, 739, 18121
What are the prime factors of 95382233?
95382233
List the prime factors of 739701710.
2, 5, 11, 103, 65287
List the prime factors of 640335365.
5, 128067073
List the prime factors of 84334279.
84334279
List the prime factors of 242167004.
2, 60541751
List the prime factors of 1810685557.
23, 29, 467, 5813
List the prime factors of 92894000.
2, 5, 46447
List the prime factors of 75095815.
5, 15019163
What are the prime factors of 1051769179?
1051769179
List the prime factors of 560803231.
560803231
List the prime factors of 22511189.
71, 139, 2281
List the prime factors of 74041240.
2, 5, 7, 13, 20341
What are the prime factors of 407807001?
3, 7, 2157709
What are the prime factors of 430001396?
2, 11, 9772759
List the prime factors of 1599899832.
2, 3, 31, 37, 19373
List the prime factors of 1325323796.
2, 19, 17438471
What are the prime factors of 209466124?
2, 7, 7480933
List the prime factors of 972386945.
5, 8999, 21611
What are the prime factors of 2355613158?
2, 3, 239, 383, 4289
What are the prime factors of 626885267?
2579, 243073
What are the prime factors of 64116956?
2, 43, 372773
What are the prime factors of 1527291001?
233, 6554897
List the prime factors of 3279462746.
2, 7, 234247339
List the prime factors of 430518387.
3, 13, 17, 38197
What are the prime factors of 679614347?
18059, 37633
What are the prime factors of 1698938826?
2, 3, 13, 17, 149, 8599
What are the prime factors of 287965230?
2, 3, 5, 7, 1371263
List the prime factors of 383370261.
3, 127790087
What are the prime factors of 4561702139?
37, 139, 886973
What are the prime factors of 281756607?
3, 11, 109, 7121
List the prime factors of 3400227926.
2, 1700113963
List the prime factors of 164873187.
3, 18319243
What are the prime factors of 2164780688?
2, 7, 61, 316859
List the prime factors of 938694749.
2531, 370879
What are the prime factors of 61382191?
13, 337, 14011
What are the prime factors of 20569000?
2, 5, 67, 307
List the prime factors of 159391315.
5, 181, 176123
List the prime factors of 2538035742.
2, 3, 11, 3495917
What are the prime factors of 2128160412?
2, 3, 7, 227, 12401
List the prime factors of 325979296.
2, 10186853
List the prime factors of 857948536.
2, 293, 366019
What are the prime factors of 3204585901?
11, 17, 73, 21341
List the prime factors of 80766547.
23, 71, 49459
What are the prime factors of 377303297?
7, 53900471
List the prime factors of 141209889.
3, 47069963
What are the prime factors of 78599001?
3, 13, 2015359
List the prime factors of 385849167.
3, 11, 11692399
What are the prime factors of 254416498?
2, 7, 19, 79, 12107
List the prime factors of 99127636.
2, 19, 757, 1723
List the prime factors of 92435101.
11, 1117, 7523
List the prime factors of 2059537292.
2, 514884323
List the prime factors of 356453460.
2, 3, 5, 11, 83, 241
List the prime factors of 2073526391.
1103, 1879897
List the prime factors of 4120634190.
2, 3, 5, 137354473
List the prime factors of 959742129.
3, 137, 2335139
List the prime factors of 47297005.
5, 7, 71, 2719
What are the prime factors of 49210085?
5, 9842017
List the prime factors of 232859800.
2, 5, 653, 1783
What are the prime factors of 212139225?
3, 5, 971
List the prime factors of 1551566299.
4507, 344257
What are the prime factors of 292882404?
2, 3, 24406867
What are the prime factors of 867694779?
3, 7, 97, 107, 1327
List the prime factors of 8031742.
2, 1051, 3821
What are the prime factors of 231657903?
3, 25739767
List the prime factors of 291023473.
13, 22386421
List the prime factors of 2645072350.
2, 5, 52901447
What are the prime factors of 54564184?
2, 257, 26539
What are the prime factors of 48733415?
5, 353, 27611
List the prime factors of 1739777816.
2, 7, 79, 479, 821
What are the prime factors of 31446653?
7, 19, 101, 2341
What are the prime factors of 424274480?
2, 5, 7, 757633
What are the prime factors of 530620564?
2, 79, 1223, 1373
What are the prime factors of 68587865?
5, 13717573
What are the prime factors of 1737669162?
2, 3, 289611527
What are the prime factors of 2032035368?
2, 11, 31, 373, 1997
What are the prime factors of 29293043?
13, 2253311
What are the prime factors of 57325656?
2, 3, 2388569
What are the prime factors of 13619467?
13619467
List the prime factors of 42634744.
2, 5329343
What are the prime factors of 879456962?
2, 1109, 396509
What are the prime factors of 886913780?
2, 5, 2819, 15